by 26.
23
Calculate the remainder when 293 is divided by 59.
57
Calculate the remainder when 7427 is divided by 47.
1
Calculate the remainder when 47 is divided by 3.
2
Calculate the remainder when 146 is divided by 49.
48
Calculate the remainder when 59 is divided by 4.
3
What is the remainder when 1135 is divided by 223?
20
Calculate the remainder when 44 is divided by 7.
2
What is the remainder when 407 is divided by 36?
11
What is the remainder when 55 is divided by 7?
6
What is the remainder when 44 is divided by 41?
3
Calculate the remainder when 43 is divided by 9.
7
What is the remainder when 85 is divided by 58?
27
What is the remainder when 2784 is divided by 62?
56
What is the remainder when 6886 is divided by 123?
121
What is the remainder when 653 is divided by 7?
2
What is the remainder when 1002 is divided by 56?
50
What is the remainder when 1080 is divided by 322?
114
Calculate the remainder when 15564 is divided by 43.
41
What is the remainder when 16443 is divided by 299?
297
What is the remainder when 1816 is divided by 293?
58
What is the remainder when 519 is divided by 23?
13
What is the remainder when 81 is divided by 11?
4
What is the remainder when 70 is divided by 57?
13
What is the remainder when 346 is divided by 47?
17
Calculate the remainder when 53 is divided by 8.
5
What is the remainder when 265 is divided by 67?
64
What is the remainder when 48 is divided by 25?
23
Calculate the remainder when 505 is divided by 133.
106
Calculate the remainder when 7217 is divided by 656.
1
Calculate the remainder when 34 is divided by 10.
4
What is the remainder when 258 is divided by 255?
3
What is the remainder when 298 is divided by 115?
68
What is the remainder when 338 is divided by 34?
32
Calculate the remainder when 5696 is divided by 50.
46
What is the remainder when 16 is divided by 6?
4
Calculate the remainder when 1001 is divided by 59.
57
Calculate the remainder when 397 is divided by 85.
57
What is the remainder when 1299 is divided by 433?
0
Calculate the remainder when 285 is divided by 89.
18
Calculate the remainder when 3976 is divided by 18.
16
What is the remainder when 436 is divided by 214?
8
Calculate the remainder when 241 is divided by 121.
120
Calculate the remainder when 141 is divided by 21.
15
Calculate the remainder when 214 is divided by 44.
38
Calculate the remainder when 229 is divided by 76.
1
What is the remainder when 1000 is divided by 72?
64
Calculate the remainder when 75 is divided by 12.
3
Calculate the remainder when 103 is divided by 5.
3
What is the remainder when 3336 is divided by 53?
50
Calculate the remainder when 6661 is divided by 49.
46
What is the remainder when 10173 is divided by 106?
103
Calculate the remainder when 1365 is divided by 38.
35
What is the remainder when 88 is divided by 36?
16
What is the remainder when 265 is divided by 27?
22
What is the remainder when 1807 is divided by 27?
25
What is the remainder when 1072 is divided by 261?
28
Calculate the remainder when 85 is divided by 19.
9
Calculate the remainder when 829 is divided by 49.
45
What is the remainder when 176 is divided by 11?
0
Calculate the remainder when 795 is divided by 255.
30
Calculate the remainder when 246 is divided by 42.
36
Calculate the remainder when 102 is divided by 37.
28
Calculate the remainder when 89 is divided by 23.
20
Calculate the remainder when 166 is divided by 5.
1
Calculate the remainder when 76 is divided by 44.
32
What is the remainder when 2429 is divided by 221?
219
What is the remainder when 4167 is divided by 11?
9
Calculate the remainder when 261 is divided by 33.
30
What is the remainder when 567 is divided by 55?
17
What is the remainder when 1077 is divided by 18?
15
What is the remainder when 110 is divided by 19?
15
What is the remainder when 250 is divided by 21?
19
What is the remainder when 334 is divided by 85?
79
What is the remainder when 162 is divided by 11?
8
Calculate the remainder when 48 is divided by 5.
3
Calculate the remainder when 965 is divided by 6.
5
What is the remainder when 60 is divided by 12?
0
Calculate the remainder when 216 is divided by 209.
7
Calculate the remainder when 117 is divided by 62.
55
Calculate the remainder when 2586 is divided by 68.
2
Calculate the remainder when 110 is divided by 94.
16
Calculate the remainder when 849 is divided by 106.
1
Calculate the remainder when 139 is divided by 14.
13
Calculate the remainder when 143 is divided by 9.
8
Calculate the remainder when 302 is divided by 125.
52
Calculate the remainder when 485 is divided by 10.
5
Calculate the remainder when 5964 is divided by 17.
14
Calculate the remainder when 588 is divided by 570.
18
What is the remainder when 60 is divided by 50?
10
What is the remainder when 332 is divided by 14?
10
What is the remainder when 119 is divided by 63?
56
What is the remainder when 149 is divided by 17?
13
What is the remainder when 573 is divided by 23?
21
What is the remainder when 705 is divided by 31?
23
What is the remainder when 397 is divided by 258?
139
Calculate the remainder when 218 is divided by 102.
14
Calculate the remainder when 115 is divided by 20.
15
What is the remainder when 4169 is divided by 4?
1
What is the remainder when 4563 is divided by 14?
13
Calculate the remainder when 1000 is divided by 18.
10
What is the remainder when 90 is divided by 39?
12
Calculate the remainder when 593 is divided by 6.
5
What is the remainder when 6 is divided by 5?
1
Calculate the remainder when 17804 is divided by 21.
17
What is the remainder when 198 is divided by 101?
97
Calculate the remainder when 228 is divided by 126.
102
What is the remainder when 30 is divided by 14?
2
Calculate the remainder when 1402 is divided by 6.
4
What is the remainder when 86 is divided by 14?
2
What is the remainder when 153 is divided by 9?
0
What is the remainder when 137 is divided by 92?
45
What is the remainder when 29984 is divided by 22?
20
Calculate the remainder when 341 is divided by 83.
9
Calculate the remainder when 495 is divided by 205.
85
What is the remainder when 189 is divided by 33?
24
Calculate the remainder when 394 is divided by 18.
16
What is the remainder when 132 is divided by 64?
4
What is the remainder when 1213 is divided by 81?
79
What is the remainder when 990 is divided by 70?
10
What is the remainder when 106 is divided by 90?
16
Calculate the remainder when 5235 is divided by 96.
51
What is the remainder when 8287 is divided by 10?
7
What is the remainder when 7501 is divided by 123?
121
What is the remainder when 101 is divided by 22?
13
What is the remainder when 151 is divided by 22?
19
What is the remainder when 698 is divided by 691?
7
What is the remainder when 1274 is divided by 128?
122
What is the remainder when 1633 is divided by 405?
13
Calculate the remainder when 93 is divided by 19.
17
What is the remainder when 1513 is divided by 252?
1
What is the remainder when 871 is divided by 435?
1
What is the remainder when 2437 is divided by 18?
7
What is the remainder when 1437 is divided by 204?
9
What is the remainder when 37278 is divided by 32?
30
What is the remainder when 259 is divided by 29?
27
Calculate the remainder when 28081 is divided by 33.
31
Calculate the remainder when 1423 is divided by 353.
11
What is the remainder when 161 is divided by 24?
17
Calculate the remainder when 157 is divided by 1.
0
Calculate the remainder when 1551 is divided by 37.
34
Calculate the remainder when 862 is divided by 36.
34
Calculate the remainder when 9564 is divided by 3184.
12
Calculate the remainder when 446 is divided by 7.
5
Calculate the remainder when 375 is divided by 26.
11
Calculate the remainder when 1221 is divided by 24.
21
What is the remainder when 1533 is divided by 64?
61
Calculate the remainder when 133 is divided by 28.
21
What is the remainder when 33 is divided by 13?
7
What is the remainder when 89 is divided by 28?
5
What is the remainder when 3196 is divided by 78?
76
Calculate the remainder when 146 is divided by 102.
44
What is the remainder when 344 is divided by 22?
14
What is the remainder when 3363 is divided by 1675?
13
What is the remainder when 126 is divided by 38?
12
What is the remainder when 539